{"id":54,"date":"2017-10-14T11:15:33","date_gmt":"2017-10-14T09:15:33","guid":{"rendered":"http:\/\/valentin-dareous.fr\/?page_id=54"},"modified":"2022-06-30T15:13:04","modified_gmt":"2022-06-30T13:13:04","slug":"mes-travaux","status":"publish","type":"page","link":"https:\/\/valentin-dareous.fr\/?page_id=54","title":{"rendered":"Mes travaux"},"content":{"rendered":"<p>&nbsp;<\/p>\n<table style=\"padding: 0; margin: 0;\">\n<tbody>\n<tr style=\"border-style: none; padding: 0; margin: 0;\">\n<td style=\"width: 50%; padding: 0; margin: 0; text-align: center;\">\n<div style=\"padding: 0; margin: 0;\"><a href=\"https:\/\/valentin-dareous.fr\/?page_id=518\"><img decoding=\"async\" class=\"\" style=\"height: 220px; width: 260px;\" src=\"https:\/\/valentin-dareous.fr\/Images\/ImageGame\/cornichette.png\"><\/a><\/div>\n<\/td>\n<td style=\"width: 50%; padding: 0; margin: 0;\">\n<div style=\"padding: 0; margin: 0;\">\n<p style=\"text-align: center;\"><strong>God Save The Ship<br \/>\n<\/strong><br \/>\nGlobal Game Jam 2020.<\/p>\n<\/div>\n<\/td>\n<\/tr>\n<\/tbody>\n<\/table>\n<p>&nbsp;<\/p>\n<p>&nbsp;<\/p>\n<table style=\"padding: 0; margin: 0;\">\n<tbody>\n<tr style=\"border-style: none; padding: 0; margin: 0;\">\n<td style=\"width: 50%; padding: 0; margin: 0; text-align: center;\">\n<div style=\"padding: 0; margin: 0;\"><a href=\"https:\/\/valentin-dareous.fr\/?page_id=456\"><img decoding=\"async\" class=\"\" style=\"height: 156px; width: 260px;\" src=\"https:\/\/valentin-dareous.fr\/Images\/ImageGame\/Kosmogon.png\"><\/a><\/div>\n<\/td>\n<td style=\"width: 50%; padding: 0; margin: 0;\">\n<div style=\"padding: 0; margin: 0;\">\n<p style=\"text-align: center;\"><strong>Kosmogon<br \/>\n<\/strong><br \/>\nProjet de fin de troisi\u00e8me ann\u00e9e, en partenariat avec les Game3 et Les SoundDesign3.<\/p>\n<\/div>\n<\/td>\n<\/tr>\n<\/tbody>\n<\/table>\n<p>&nbsp;<\/p>\n<p>&nbsp;<\/p>\n<table style=\"padding: 0px; margin: 0px; height: 174px;\" width=\"579\">\n<tbody>\n<tr style=\"border-style: none; padding: 0; margin: 0;\">\n<td style=\"width: 50%; padding: 0; margin: 0; text-align: center;\">\n<div style=\"padding: 0; margin: 0;\"><a href=\"https:\/\/valentin-dareous.fr\/?page_id=513\"><img decoding=\"async\" class=\"alignnone\" style=\"height: 156px; width: 259px;\" src=\"https:\/\/valentin-dareous.fr\/Images\/ImageGame\/MenuMIB.PNG\"><\/a><\/div>\n<\/td>\n<td style=\"width: 50%;\">\n<div style=\"padding: 0; margin: 0;\">\n<p style=\"text-align: center;\"><strong>MIB Men In Blackout<br \/>\n<\/strong><br \/>\nGlobal Game Jam 2019.<\/p>\n<\/div>\n<\/td>\n<\/tr>\n<\/tbody>\n<\/table>\n<p>&nbsp;<\/p>\n<p>&nbsp;<\/p>\n<table style=\"padding: 0px; margin: 0px; height: 174px;\" width=\"579\">\n<tbody>\n<tr style=\"border-style: none; padding: 0; margin: 0;\">\n<td style=\"width: 50%; padding: 0; margin: 0; text-align: center;\">\n<div style=\"padding: 0; margin: 0;\"><a href=\"https:\/\/valentin-dareous.fr\/?page_id=361\"><img decoding=\"async\" class=\"alignnone\" style=\"height: 156px; width: 259px;\" src=\"https:\/\/valentin-dareous.fr\/Images\/ImageGame\/ProceduralDonjon.png\"><\/a><\/div>\n<\/td>\n<td style=\"width: 50%;\">\n<div style=\"padding: 0; margin: 0;\">\n<p style=\"text-align: center;\"><strong>ProceduralDonjon<br \/>\n<\/strong><br \/>\nProjet Personnel.<\/p>\n<\/div>\n<\/td>\n<\/tr>\n<\/tbody>\n<\/table>\n<p>&nbsp;<\/p>\n<p>&nbsp;<\/p>\n<table style=\"padding: 0; margin: 0;\">\n<tbody>\n<tr style=\"border-style: none; padding: 0; margin: 0;\">\n<td style=\"width: 50%; padding: 0; margin: 0; text-align: center;\">\n<div style=\"padding: 0; margin: 0;\"><a href=\"https:\/\/valentin-dareous.fr\/?page_id=159\"><img decoding=\"async\" class=\"\" style=\"height: 156px; width: 260px;\" src=\"https:\/\/valentin-dareous.fr\/wp-content\/uploads\/2017\/10\/NightMaze-300x177.png\"><\/a><\/div>\n<\/td>\n<td style=\"width: 50%; padding: 0; margin: 0;\">\n<div style=\"padding: 0; margin: 0;\">\n<p style=\"text-align: center;\"><strong>NightMaze<br \/>\n<\/strong><br \/>\nProjet de fin de deuxi\u00e8me ann\u00e9e, en partenariat avec les Game3 et Les SoundDesign3.<\/p>\n<\/div>\n<\/td>\n<\/tr>\n<\/tbody>\n<\/table>\n<p>&nbsp;<\/p>\n<p>&nbsp;<\/p>\n<table style=\"padding: 0; margin: 0;\">\n<tbody>\n<tr style=\"border-style: none; padding: 0; margin: 0;\">\n<td style=\"width: 50%; padding: 0; margin: 0; text-align: center;\">\n<div style=\"padding: 0; margin: 0;\"><a href=\"https:\/\/valentin-dareous.fr\/?page_id=275\"><img decoding=\"async\" class=\"\" style=\"height: 156px; width: 260px;\" src=\"https:\/\/valentin-dareous.fr\/Images\/ImageGame\/HellBreaker.png\"><\/a><\/div>\n<\/td>\n<td style=\"width: 50%;\">\n<div style=\"padding: 0; margin: 0;\">\n<p style=\"text-align: center;\"><strong>HellBreaker<br \/>\n<\/strong><br \/>\nProjet de deuxi\u00e8me ann\u00e9e, en partenariat avec les SoundDesign3.<\/p>\n<\/div>\n<\/td>\n<\/tr>\n<\/tbody>\n<\/table>\n<p>&nbsp;<\/p>\n<p>&nbsp;<\/p>\n<table style=\"padding: 0; margin: 0;\">\n<tbody>\n<tr style=\"border-style: none; padding: 0; margin: 0;\">\n<td style=\"width: 50%; padding: 0; margin: 0; text-align: center;\">\n<div style=\"padding: 0; margin: 0;\"><a href=\"https:\/\/valentin-dareous.fr\/?page_id=279\"><img decoding=\"async\" class=\"\" style=\"height: 156px; width: 260px;\" src=\"https:\/\/valentin-dareous.fr\/Images\/ImageGame\/ZombieUnreal.png\"><\/a><\/div>\n<\/td>\n<td style=\"width: 50%;\">\n<div style=\"padding: 0; margin: 0;\">\n<p style=\"text-align: center;\"><strong>Zombies<br \/>\n<\/strong><br \/>\nProjet de deuxi\u00e8me ann\u00e9e, en partenariat avec les SoundDesign3.<\/p>\n<\/div>\n<\/td>\n<\/tr>\n<\/tbody>\n<\/table>\n<p>&nbsp;<\/p>\n<p>&nbsp;<\/p>\n<table style=\"padding: 0; margin: 0;\">\n<tbody>\n<tr style=\"border-style: none; padding: 0; margin: 0;\">\n<td style=\"width: 50%; padding: 0; margin: 0; text-align: center;\">\n<div style=\"padding: 0; margin: 0;\"><a href=\"https:\/\/valentin-dareous.fr\/?page_id=335\"><img decoding=\"async\" class=\"\" style=\"height: 156px; width: 261px;\" src=\"https:\/\/valentin-dareous.fr\/Images\/ImageGame\/FastLane.png\"><\/a><\/div>\n<\/td>\n<td style=\"width: 50%;\">\n<div style=\"padding: 0; margin: 0;\">\n<p style=\"text-align: center;\"><strong>FastLane<br \/>\n<\/strong><br \/>\nProjet de deuxi\u00e8me ann\u00e9e, Workshop d&rsquo;une semaine avec les graphistes de premi\u00e8re ann\u00e9e.<\/p>\n<\/div>\n<\/td>\n<\/tr>\n<\/tbody>\n<\/table>\n<p>&nbsp;<\/p>\n<p>&nbsp;<\/p>\n<table style=\"padding: 0px; margin: 0px; height: 164px;\" width=\"579\">\n<tbody>\n<tr style=\"border-style: none; padding: 0; margin: 0;\">\n<td style=\"width: 50%; padding: 0; margin: 0; text-align: center;\">\n<div style=\"padding: 0; margin: 0;\"><a href=\" https:\/\/valentin-dareous.fr\/?page_id=277\"><img decoding=\"async\" class=\"\" style=\"height: 156px; width: 260px;\" src=\"https:\/\/valentin-dareous.fr\/Images\/ImageGame\/AutourAubanel.png\"><\/a><\/div>\n<\/td>\n<td style=\"width: 50%;\">\n<div style=\"padding: 0; margin: 0;\">\n<p style=\"text-align: center;\"><strong>Autour d&rsquo;Aubanel<br \/>\n<\/strong><br \/>\nProjet d&rsquo;examen de BTS.<\/p>\n<\/div>\n<\/td>\n<\/tr>\n<\/tbody>\n<\/table>\n<p>&nbsp;<\/p>\n","protected":false},"excerpt":{"rendered":"<p>&nbsp; God Save The Ship Global Game Jam 2020. &nbsp; &nbsp; Kosmogon Projet de fin de troisi\u00e8me ann\u00e9e, en partenariat avec les Game3 et Les SoundDesign3. &nbsp; &nbsp; MIB Men In Blackout Global Game Jam 2019. &nbsp; &nbsp; ProceduralDonjon Projet Personnel. &nbsp; &nbsp; NightMaze Projet de fin de deuxi\u00e8me ann\u00e9e, en partenariat avec les Game3 &hellip; <\/p>\n<p class=\"link-more\"><a href=\"https:\/\/valentin-dareous.fr\/?page_id=54\" class=\"more-link\">Continuer la lecture<span class=\"screen-reader-text\"> de &laquo;&nbsp;Mes travaux&nbsp;&raquo;<\/span><\/a><\/p>\n","protected":false},"author":1,"featured_media":0,"parent":0,"menu_order":0,"comment_status":"closed","ping_status":"closed","template":"","meta":{"ngg_post_thumbnail":0,"footnotes":""},"class_list":["post-54","page","type-page","status-publish","hentry"],"_links":{"self":[{"href":"https:\/\/valentin-dareous.fr\/index.php?rest_route=\/wp\/v2\/pages\/54","targetHints":{"allow":["GET"]}}],"collection":[{"href":"https:\/\/valentin-dareous.fr\/index.php?rest_route=\/wp\/v2\/pages"}],"about":[{"href":"https:\/\/valentin-dareous.fr\/index.php?rest_route=\/wp\/v2\/types\/page"}],"author":[{"embeddable":true,"href":"https:\/\/valentin-dareous.fr\/index.php?rest_route=\/wp\/v2\/users\/1"}],"replies":[{"embeddable":true,"href":"https:\/\/valentin-dareous.fr\/index.php?rest_route=%2Fwp%2Fv2%2Fcomments&post=54"}],"version-history":[{"count":88,"href":"https:\/\/valentin-dareous.fr\/index.php?rest_route=\/wp\/v2\/pages\/54\/revisions"}],"predecessor-version":[{"id":602,"href":"https:\/\/valentin-dareous.fr\/index.php?rest_route=\/wp\/v2\/pages\/54\/revisions\/602"}],"wp:attachment":[{"href":"https:\/\/valentin-dareous.fr\/index.php?rest_route=%2Fwp%2Fv2%2Fmedia&parent=54"}],"curies":[{"name":"wp","href":"https:\/\/api.w.org\/{rel}","templated":true}]}}